e
Let f(h) = -150*h - 1. Let i be f(-1). Suppose 0 = 2*d + 5*t - i, -5*t + 25 = d - 42. Is d a composite number?
True
Let r(g) = -g**3 + 9*g**2 + 8*g - 17. Is r(-5) a prime number?
True
Let c(a) = -503*a + 226. Is c(-15) prime?
False
Let h(y) = -313*y**3 - 8*y**2 - 5*y + 15. Is h(-4) a composite number?
True
Is (-143 + -236372)*1*(-2)/10 composite?
False
Let k(i) = 0*i + i + 3*i**2 - 14*i. Let a be k(9). Suppose 2*y - 62 = -3*v + 29, -a = -2*y + 4*v. Is y a composite number?
False
Suppose -3*f = -4*u + 49001, 3*u + 61253 = 8*u - 2*f. Is u prime?
True
Let l = -34325 + 59626. Is l composite?
False
Let q = 622 - 432. Let c = 127 + q. Is c prime?
True
Suppose -6*o = -11*o + 55. Suppose 3*l + 12808 = o*l. Is l a prime number?
True
Let q = 3 - 1. Let z(p) = 47*p + 194. Let a be z(13). Suppose a = q*t + 3*t. Is t composite?
True
Let t(a) = 106*a + 66635. Is t(0) a prime number?
False
Let b = 52756 - 7353. Is b a prime number?
True
Let b = 49 + -26. Let q = -20 + b. Suppose -2*i + u + 315 = 0, 4*u = q*i - 659 + 184. Is i prime?
True
Let g(s) = 9*s + 3. Let m be g(5). Suppose 4071 = 9*r + m. Is r composite?
True
Suppose 4*o - t + 12 = 3*t, -4*o = -t - 3. Let i(j) = 154*j**2 - 2*j - 1. Is i(o) a prime number?
False
Let u(b) = 421*b**2 + 2*b - 1. Suppose 0 = 6*o - 0*o - 6. Let d be u(o). Suppose -2*h - 4*l + 556 + d = 0, 0 = -4*h - 4*l + 1972. Is h composite?
True
Suppose 71*q - 5008960 - 856989 = 0. Is q a prime number?
True
Let k(u) = -3 - 2*u + 2*u + u. Let o be k(4). Is 26 + -1*(o + 2) a prime number?
True
Suppose -3*q + 2*q = 4*u - 711, -4*q = -2*u - 2808. Let z = q - 292. Is z a composite number?
True
Suppose 0 = 2*f + x - 22184, 53523 = 4*f + x + 9153. Is f prime?
True
Let z(r) = 347*r**2. Let a(g) be the second derivative of g**3/6 + 13*g**2/2 - 4*g. Let f be a(-12). Is z(f) prime?
True
Suppose 2*j - 14 = 9*j. Is (3/(-12))/(j/1016) a composite number?
False
Let z(m) = 43*m**2 + 18*m - 9. Is z(-8) a prime number?
False
Is (-6 + 95)/((-2)/(-2)) a composite number?
False
Suppose 0 = 4*h + 5*m + 75511 - 208778, 4*h = -2*m + 133282. Is h a prime number?
False
Let t be (-630)/(-81) - (-2)/9. Is (-4134)/(-10) - t/20 composite?
True
Let f(t) = 4*t - 19. Let d be f(6). Suppose 0 = -d*c - v + 415, 144 = 2*c + 3*v - 7*v. Is c a prime number?
False
Suppose -r + 2*w - 5*w + 6 = 0, -3*w = -3*r + 6. Is 18/r - 3 - -76 composite?
False
Let w(l) = 3*l**2 - 4*l + 2. Let q be w(2). Let a be q + (-3)/3 + 3. Let m = 19 - a. Is m a prime number?
True
Let x be (-12)/7*31990/(-20). Let l = x + -1627. Suppose -5*p + 1487 = 4*n - 2*p, 2*p - l = -3*n. Is n a prime number?
False
Let q be 798/(0 + -3) + 1 + -2. Let l = q - -488. Is l a prime number?
False
Let i = 69 - 67. Suppose -i*v - 3521 = -9*v. Is v a prime number?
True
Suppose o - 17155 = 5*a, o - 7*a + 5*a - 17161 = 0. Is o a composite number?
True
Let s(l) = 32*l**2 + 8*l + 9. Let p(a) = -32*a**2 - 9*a - 8. Let m(j) = -4*p(j) - 3*s(j). Is m(8) prime?
False
Let r(t) = 260*t**2 - 6*t + 11. Is r(3) a composite number?
False
Let n = 477 - -28. Suppose -289 = -g + 2*q, q - 78 = -2*g + n. Suppose -6*y + 7*y - g = 0. Is y a composite number?
True
Let f(t) be the third derivative of t**5/30 - 5*t**4/24 - 8*t**2. Is f(5) a composite number?
True
Let t = 44 + 630. Suppose 5*n + t - 2999 = -2*x, 0 = 2*n + x - 929. Is n a prime number?
True
Suppose 3*w - 5*d - 4197 = -4*d, -w + 1410 = -4*d. Suppose -2*v - 5*y + w = 0, -5*v + 3465 = 2*y + 3*y. Is v composite?
True
Suppose 0 = -9*n + 9 + 9. Suppose -4*d - x = -3*x - 6722, n*d = 5*x + 3381. Is d prime?
False
Let l(b) = -18*b**2 + 114*b**2 + 35*b**2 - 1 - 2*b. Let o be l(-1). Let y = -53 + o. Is y a prime number?
True
Let i(h) = 7*h**2 + 1 + 7*h - h**3 + 4 + 0*h. Let g be i(8). Let s(t) = 21*t**2 + t + 1. Is s(g) a prime number?
False
Let u(c) = 4*c**2 - 5*c + 65. Is u(7) prime?
False
Let f = -74943 - -143204. Is f composite?
False
Let q(t) = t + 3. Let u be q(0). Suppose x = -u*x + 580. Is x composite?
True
Suppose -g = -35*g + 108902. Is g prime?
True
Suppose 11891 = 7*v - 576. Is v composite?
True
Suppose 0 = 79*z - 98*z + 161443. Is z a prime number?
False
Let s = -1296 + 3779. Is s a composite number?
True
Let w = 21949 + -12458. Is w prime?
True
Let n(q) = q**3 + q**2 + q + 17. Let a = -22 - -22. Let f be n(a). Suppose 20*u - f*u = 231. Is u a prime number?
False
Let z(y) = -12*y**3 - 3*y**2 - 30*y - 14. Is z(-13) prime?
False
Let o = 1025 - -2048. Is o a prime number?
False
Let a = 1658 + -1171. Let o = a - -382. Is o a prime number?
False
Suppose -5*w - 7861 = -a - 42960, -12 = 3*a. Is w prime?
True
Is 12273/((-105)/(-33) - 24/132) prime?
True
Let m(z) = 459*z + 67. Is m(16) composite?
False
Let t = 22 - 11. Let z = 70 - t. Is z a composite number?
False
Suppose -5*l = 3*c - 31, 1 = -l + 6*c - 3*c. Suppose -4*k = -l*k + 10. Is (268/(-10))/(k/(-25)) a composite number?
False
Let c be (-168)/27 - 8/(-36). Let h be (-3)/(-18) + (-11)/c. Suppose 4*q - 229 = 3*i, h*i + 3*i = -4*q + 237. Is q a prime number?
False
Suppose 2*w + 3*z = 6*w - 9, 0 = 5*w - 2*z - 13. Suppose 7 = -w*p + 16. Suppose -1 - p = 4*h, 4*k - 1479 = -5*h. Is k a composite number?
True
Suppose 3*d = 4*v + 14005, d + 9346 = 3*d - 5*v. Is d a prime number?
True
Let b(m) = 129*m + 5. Let h be b(2). Suppose 4*q = 209 + h. Is q composite?
True
Let u(o) = 8955*o - 1. Is u(18) a prime number?
False
Is (-6)/9 - -10042*4/6 prime?
False
Let l = -281 - -588. Suppose -l = -3*d + 2*d. Is d composite?
False
Let h(i) = -i + 14. Let x be h(13). Let o(f) = 261*f**2 + 3*f - 1. Is o(x) composite?
False
Let y(g) = 30*g - 2*g**2 + 8*g**2 - 24*g - g**3 + 3*g**2 + 5. Let l = -13 - -22. Is y(l) a prime number?
True
Let c(j) = -2055*j - 223. Is c(-4) a prime number?
False
Let q(k) = 6*k + 12. Let l be q(-5). Is 4430/90 - ((-4)/l)/1 prime?
False
Is 1851976/252 + (-1)/9 a composite number?
False
Let s = 22 - 20. Suppose 5*l + r - 2158 = 0, -2*l = s*l - 5*r - 1738. Suppose 1178 = 5*g - 3*y, 5*g - l = 2*y + 745. Is g composite?
True
Let f be 4 - (-1 - -9) - -6. Let i(s) = 50*s**3 + 6*s**2 - 5*s + 4 + 1 - 7*s**f. Is i(2) prime?
False
Let z be (-764)/(-10) - (2/5)/1. Suppose -t - z = -5*t. Is t a composite number?
False
Suppose -3*n = 3, -3*n = 3*k - n + 32. Let l = k - -12. Suppose -4*b - 253 = -5*b + 5*c, -l*c - 241 = -b. Is b a prime number?
True
Let j = 60 + -56. Suppose -2*n + 733 = 3*n - j*x, 0 = 2*n - 4*x - 286. Is n a prime number?
True
Let r(s) be the third derivative of -s**6/120 - s**5/10 + s**3/3 + 6*s**2. Let z be r(-6). Suppose -h = -z*h + 191. Is h prime?
True
Suppose 2*i = i - 2*y - 2, -y = i. Let l = 7 - 9. Is (-49)/i*-14 + l composite?
True
Let h(c) = c**3 - 2*c**2 - 6. Suppose -2*q - 11 = -3*i, -3*i - 4*q = -0*q - 5. Let m be h(i). Is 1/m + 8600/30 a prime number?
False
Let s(j) = j + 7. Let y be s(-4). Suppose -4*c - 12 = 0, -c = y*v - 5*c - 906. Is v composite?
True
Is (-51 - -52)/(2/218) a prime number?
True
Let c(l) = -l**2 - 2*l + 5. Let g be c(-3). Suppose 743 = g*q - q. Is q prime?
True
Let a = 483 + 314. Is a composite?
False
Suppose -4*f = y - 37 + 11, -27 = -2*y - 3*f. Suppose 7370 = -y*w + 21368. Is w a composite number?
False
Suppose 55 = -2*q + 5*i, -3*q + 5*i = 2*i + 60. Is 31/((q - -18)*2/282) a prime number?
False
Let k = 1401 + -672. Let u = -251 - 147. Let b = k + u. Is b prime?
True
Suppose 3*t - 35 + 13 = 4*h, -10 = -t + 2*h. Suppose t*c - 4*y - 140 - 1670 = 0, -y + 1 = 0. Is c composite?
False
Let m = 1069 - 366. Is m a composite number?
True
Let q(w) = w**3 - 21*w**2 - 47*w - 76. Is q(25) prime?
True
Let m(i) = 46*i**2 + 10*i + 1. Is m(-4) composite?
True
Let v be (-5)/((-30)/9327) - 1/2. Let o = v + -767. Is o composite?
False
Let k(x) = -3*x + 1. Let v be k(5). Is v*758*1/(-4) prime?
False
Is -1*5*(221110/(-50) - 11) a composite number?
True
Suppose -7 - 13 = 4*v. Let q = v + 7. Suppose -j + 0*j = -b + 23, 0 = q*j + 4. Is b a prime number?
False
Is 4*4177*30/120 composite?
False
Let r = -7 + 15. Suppose 0*k - 4*b + 4 = k, r = 2*k + 4*b. Suppose -s = j + j - 635, 8 = k*j. Is s composite?
False
Suppose 18*p = 29*p + 2387. Let k = p - -474. Is k composite?
False
Let w(f) = 3*f**2 - 16*f + 44. Is w(45) prime?
True
Suppose 0 = -7*r + 25 - 11. Is 2 - 1/(r/(-3678)) composite?
True
Let r = 22 + -19. Let 